{"id":1138,"date":"2022-07-20T14:43:36","date_gmt":"2022-07-20T17:43:36","guid":{"rendered":"https:\/\/www.motorfix.com.br\/?page_id=1138"},"modified":"2025-08-15T16:46:33","modified_gmt":"2025-08-15T19:46:33","slug":"advanced-sae-50-api-sl","status":"publish","type":"page","link":"https:\/\/www.motorfix.com.br\/?page_id=1138","title":{"rendered":"Advanced SAE 50 API SL"},"content":{"rendered":"\n<div class=\"wp-block-image\"><figure class=\"aligncenter size-large\"><img loading=\"lazy\" decoding=\"async\" width=\"1024\" height=\"1024\" src=\"https:\/\/www.motorfix.com.br\/wp-content\/uploads\/2022\/07\/ADVANCED-SAE-50-sem-sombra-1-1024x1024.png\" alt=\"\" class=\"wp-image-1140\" srcset=\"https:\/\/www.motorfix.com.br\/wp-content\/uploads\/2022\/07\/ADVANCED-SAE-50-sem-sombra-1-1024x1024.png 1024w, https:\/\/www.motorfix.com.br\/wp-content\/uploads\/2022\/07\/ADVANCED-SAE-50-sem-sombra-1-300x300.png 300w, https:\/\/www.motorfix.com.br\/wp-content\/uploads\/2022\/07\/ADVANCED-SAE-50-sem-sombra-1-150x150.png 150w, https:\/\/www.motorfix.com.br\/wp-content\/uploads\/2022\/07\/ADVANCED-SAE-50-sem-sombra-1-768x768.png 768w, https:\/\/www.motorfix.com.br\/wp-content\/uploads\/2022\/07\/ADVANCED-SAE-50-sem-sombra-1.png 1080w, https:\/\/www.motorfix.com.br\/wp-content\/uploads\/2022\/07\/ADVANCED-SAE-50-sem-sombra-1-125x125.png 125w\" sizes=\"(max-width: 1024px) 100vw, 1024px\" \/><\/figure><\/div>\n\n\n\n<p><strong>MOTORFIX ADVANCED<\/strong> \u00e9 um \u00f3leo lubrificante mineral monoviscoso para motores gasolina, etanol<br>e GNV.<br><\/p>\n\n\n\n<p><strong>MOTORFIX ADVANCED<\/strong> \u00e9 um \u00f3leo lubrificante composto por uma mistura de hidrocarbonetos com<br>predomin\u00e2ncia de paraf\u00ednicos; composto de pacotes de aditivos com caracter\u00edsticas antiferrugem,<br>detergente- dispersante, antidesgaste, anticorrosivo e antioxidante e melhorador de viscosidade e<br>fluidez. Sua formula\u00e7\u00e3o proporciona maior prote\u00e7\u00e3o \u00e0s partes m\u00f3veis do motor com superior<br>resist\u00eancia a oxida\u00e7\u00e3o, reduzindo a ocorr\u00eancia de borras, dep\u00f3sitos e corros\u00e3o.<br><\/p>\n\n\n\n<p><strong>MOTORFIX ADVANCED <\/strong>atende especifica\u00e7\u00f5es SAE 50 e API SL.<\/p>\n","protected":false},"excerpt":{"rendered":"<p>MOTORFIX ADVANCED \u00e9 um \u00f3leo lubrificante mineral monoviscoso para motores gasolina, etanole GNV. MOTORFIX ADVANCED \u00e9 um \u00f3leo lubrificante composto por uma mistura de hidrocarbonetos compredomin\u00e2ncia de paraf\u00ednicos; composto de pacotes de aditivos com caracter\u00edsticas antiferrugem,detergente- dispersante, antidesgaste, anticorrosivo e antioxidante e melhorador de viscosidade efluidez. Sua formula\u00e7\u00e3o proporciona maior prote\u00e7\u00e3o \u00e0s partes m\u00f3veis do&#8230;<\/p>\n","protected":false},"author":1,"featured_media":1139,"parent":187,"menu_order":0,"comment_status":"closed","ping_status":"closed","template":"","meta":{"footnotes":""},"_links":{"self":[{"href":"https:\/\/www.motorfix.com.br\/index.php?rest_route=\/wp\/v2\/pages\/1138"}],"collection":[{"href":"https:\/\/www.motorfix.com.br\/index.php?rest_route=\/wp\/v2\/pages"}],"about":[{"href":"https:\/\/www.motorfix.com.br\/index.php?rest_route=\/wp\/v2\/types\/page"}],"author":[{"embeddable":true,"href":"https:\/\/www.motorfix.com.br\/index.php?rest_route=\/wp\/v2\/users\/1"}],"replies":[{"embeddable":true,"href":"https:\/\/www.motorfix.com.br\/index.php?rest_route=%2Fwp%2Fv2%2Fcomments&post=1138"}],"version-history":[{"count":5,"href":"https:\/\/www.motorfix.com.br\/index.php?rest_route=\/wp\/v2\/pages\/1138\/revisions"}],"predecessor-version":[{"id":5217,"href":"https:\/\/www.motorfix.com.br\/index.php?rest_route=\/wp\/v2\/pages\/1138\/revisions\/5217"}],"up":[{"embeddable":true,"href":"https:\/\/www.motorfix.com.br\/index.php?rest_route=\/wp\/v2\/pages\/187"}],"wp:featuredmedia":[{"embeddable":true,"href":"https:\/\/www.motorfix.com.br\/index.php?rest_route=\/wp\/v2\/media\/1139"}],"wp:attachment":[{"href":"https:\/\/www.motorfix.com.br\/index.php?rest_route=%2Fwp%2Fv2%2Fmedia&parent=1138"}],"curies":[{"name":"wp","href":"https:\/\/api.w.org\/{rel}","templated":true}]}}