{"id":1162,"date":"2022-08-02T14:43:39","date_gmt":"2022-08-02T17:43:39","guid":{"rendered":"https:\/\/www.motorfix.com.br\/?page_id=1162"},"modified":"2025-08-27T14:50:34","modified_gmt":"2025-08-27T17:50:34","slug":"chassis-gard","status":"publish","type":"page","link":"https:\/\/www.motorfix.com.br\/?page_id=1162","title":{"rendered":"Chassis Gard"},"content":{"rendered":"\n<figure class=\"wp-block-image size-large\"><img loading=\"lazy\" decoding=\"async\" width=\"781\" height=\"1024\" src=\"https:\/\/www.motorfix.com.br\/wp-content\/uploads\/2025\/08\/Graxa-Chassis-Gard-18-kg-781x1024.png\" alt=\"\" class=\"wp-image-5242\" srcset=\"https:\/\/www.motorfix.com.br\/wp-content\/uploads\/2025\/08\/Graxa-Chassis-Gard-18-kg-781x1024.png 781w, https:\/\/www.motorfix.com.br\/wp-content\/uploads\/2025\/08\/Graxa-Chassis-Gard-18-kg-229x300.png 229w, https:\/\/www.motorfix.com.br\/wp-content\/uploads\/2025\/08\/Graxa-Chassis-Gard-18-kg-768x1006.png 768w, https:\/\/www.motorfix.com.br\/wp-content\/uploads\/2025\/08\/Graxa-Chassis-Gard-18-kg-1172x1536.png 1172w, https:\/\/www.motorfix.com.br\/wp-content\/uploads\/2025\/08\/Graxa-Chassis-Gard-18-kg.png 1221w\" sizes=\"(max-width: 781px) 100vw, 781px\" \/><\/figure>\n\n\n\n<p><strong>CHASSIS GARD<\/strong><br>Graxa lubrificante \u00e0 base de sab\u00e3o de C\u00e1lcio de alta qualidade e excelente<br>desempenho. Grande resist\u00eancia a oxida\u00e7\u00e3o e \u00e0 lavagem pela \u00e1gua e ao desalojamento por choques,<br>com caracter\u00edsticas de adesividade, com fibra longa e de boa bombeabilidade que atende a todos os<br>quesitos de qualidade para lubrifica\u00e7\u00e3o de chassis de ve\u00edculos automotivos. Possui agente de<br>adesividade, alta resist\u00eancia \u00e0 separa\u00e7\u00e3o de \u00f3leo, mesmo sob press\u00f5es elevadas e boa veda\u00e7\u00e3o,<br>protegendo as partes lubrificadas contra a contamina\u00e7\u00e3o por part\u00edculas abrasivas durante o per\u00edodo de<br>trabalho.<\/p>\n\n\n\n<p><strong>Aplica\u00e7\u00f5es<\/strong>: \u00c9 indicado para lubrifica\u00e7\u00e3o de pinos de chassis, jumelos de molas, pinos mestres,<br>juntas universais de autom\u00f3veis, motos, \u00f4nibus, caminh\u00f5es, equipamentos agr\u00edcolas, m\u00e1quinas de<br>terraplanagem, quinta roda de carretas e prote\u00e7\u00e3o de pintura onde a temperatura n\u00e3o exceda 70\u00b0C e<br>alguns pontos de lubrifica\u00e7\u00e3o que n\u00e3o exijam uma grande estabilidade ao trabalho, ou que permitam<br>uma renova\u00e7\u00e3o freq\u00fcente da graxa.<\/p>\n","protected":false},"excerpt":{"rendered":"<p>CHASSIS GARDGraxa lubrificante \u00e0 base de sab\u00e3o de C\u00e1lcio de alta qualidade e excelentedesempenho. Grande resist\u00eancia a oxida\u00e7\u00e3o e \u00e0 lavagem pela \u00e1gua e ao desalojamento por choques,com caracter\u00edsticas de adesividade, com fibra longa e de boa bombeabilidade que atende a todos osquesitos de qualidade para lubrifica\u00e7\u00e3o de chassis de ve\u00edculos automotivos. Possui agente deadesividade,&#8230;<\/p>\n","protected":false},"author":1,"featured_media":5244,"parent":202,"menu_order":0,"comment_status":"closed","ping_status":"closed","template":"","meta":{"footnotes":""},"_links":{"self":[{"href":"https:\/\/www.motorfix.com.br\/index.php?rest_route=\/wp\/v2\/pages\/1162"}],"collection":[{"href":"https:\/\/www.motorfix.com.br\/index.php?rest_route=\/wp\/v2\/pages"}],"about":[{"href":"https:\/\/www.motorfix.com.br\/index.php?rest_route=\/wp\/v2\/types\/page"}],"author":[{"embeddable":true,"href":"https:\/\/www.motorfix.com.br\/index.php?rest_route=\/wp\/v2\/users\/1"}],"replies":[{"embeddable":true,"href":"https:\/\/www.motorfix.com.br\/index.php?rest_route=%2Fwp%2Fv2%2Fcomments&post=1162"}],"version-history":[{"count":5,"href":"https:\/\/www.motorfix.com.br\/index.php?rest_route=\/wp\/v2\/pages\/1162\/revisions"}],"predecessor-version":[{"id":5246,"href":"https:\/\/www.motorfix.com.br\/index.php?rest_route=\/wp\/v2\/pages\/1162\/revisions\/5246"}],"up":[{"embeddable":true,"href":"https:\/\/www.motorfix.com.br\/index.php?rest_route=\/wp\/v2\/pages\/202"}],"wp:featuredmedia":[{"embeddable":true,"href":"https:\/\/www.motorfix.com.br\/index.php?rest_route=\/wp\/v2\/media\/5244"}],"wp:attachment":[{"href":"https:\/\/www.motorfix.com.br\/index.php?rest_route=%2Fwp%2Fv2%2Fmedia&parent=1162"}],"curies":[{"name":"wp","href":"https:\/\/api.w.org\/{rel}","templated":true}]}}