{"id":1321,"date":"2022-09-28T11:52:30","date_gmt":"2022-09-28T14:52:30","guid":{"rendered":"https:\/\/www.motorfix.com.br\/?page_id=1321"},"modified":"2024-02-06T10:51:43","modified_gmt":"2024-02-06T13:51:43","slug":"ce7259","status":"publish","type":"page","link":"https:\/\/www.motorfix.com.br\/?page_id=1321","title":{"rendered":"CE7259 E CE7762"},"content":{"rendered":"\n<figure class=\"wp-block-gallery has-nested-images columns-default is-cropped wp-block-gallery-1 is-layout-flex wp-block-gallery-is-layout-flex\">\n<figure class=\"wp-block-image size-large\"><img loading=\"lazy\" decoding=\"async\" width=\"1024\" height=\"1024\" data-id=\"1324\" src=\"https:\/\/www.motorfix.com.br\/wp-content\/uploads\/2022\/09\/CE7259-1024x1024.jpg\" alt=\"\" class=\"wp-image-1324\" srcset=\"https:\/\/www.motorfix.com.br\/wp-content\/uploads\/2022\/09\/CE7259-1024x1024.jpg 1024w, https:\/\/www.motorfix.com.br\/wp-content\/uploads\/2022\/09\/CE7259-300x300.jpg 300w, https:\/\/www.motorfix.com.br\/wp-content\/uploads\/2022\/09\/CE7259-150x150.jpg 150w, https:\/\/www.motorfix.com.br\/wp-content\/uploads\/2022\/09\/CE7259-768x768.jpg 768w, https:\/\/www.motorfix.com.br\/wp-content\/uploads\/2022\/09\/CE7259.jpg 1080w, https:\/\/www.motorfix.com.br\/wp-content\/uploads\/2022\/09\/CE7259-125x125.jpg 125w\" sizes=\"(max-width: 1024px) 100vw, 1024px\" \/><\/figure>\n\n\n\n<figure class=\"wp-block-image size-large\"><img loading=\"lazy\" decoding=\"async\" width=\"1024\" height=\"1024\" data-id=\"1325\" src=\"https:\/\/www.motorfix.com.br\/wp-content\/uploads\/2022\/09\/CE7259-2-1024x1024.jpg\" alt=\"\" class=\"wp-image-1325\" srcset=\"https:\/\/www.motorfix.com.br\/wp-content\/uploads\/2022\/09\/CE7259-2-1024x1024.jpg 1024w, https:\/\/www.motorfix.com.br\/wp-content\/uploads\/2022\/09\/CE7259-2-300x300.jpg 300w, https:\/\/www.motorfix.com.br\/wp-content\/uploads\/2022\/09\/CE7259-2-150x150.jpg 150w, https:\/\/www.motorfix.com.br\/wp-content\/uploads\/2022\/09\/CE7259-2-768x768.jpg 768w, https:\/\/www.motorfix.com.br\/wp-content\/uploads\/2022\/09\/CE7259-2.jpg 1080w, https:\/\/www.motorfix.com.br\/wp-content\/uploads\/2022\/09\/CE7259-2-125x125.jpg 125w\" sizes=\"(max-width: 1024px) 100vw, 1024px\" \/><\/figure>\n\n\n\n<figure class=\"wp-block-image size-large\"><img loading=\"lazy\" decoding=\"async\" width=\"1024\" height=\"1024\" data-id=\"1323\" src=\"https:\/\/www.motorfix.com.br\/wp-content\/uploads\/2022\/09\/CE7259-3-1024x1024.jpg\" alt=\"\" class=\"wp-image-1323\" srcset=\"https:\/\/www.motorfix.com.br\/wp-content\/uploads\/2022\/09\/CE7259-3-1024x1024.jpg 1024w, https:\/\/www.motorfix.com.br\/wp-content\/uploads\/2022\/09\/CE7259-3-300x300.jpg 300w, https:\/\/www.motorfix.com.br\/wp-content\/uploads\/2022\/09\/CE7259-3-150x150.jpg 150w, https:\/\/www.motorfix.com.br\/wp-content\/uploads\/2022\/09\/CE7259-3-768x768.jpg 768w, https:\/\/www.motorfix.com.br\/wp-content\/uploads\/2022\/09\/CE7259-3.jpg 1080w, https:\/\/www.motorfix.com.br\/wp-content\/uploads\/2022\/09\/CE7259-3-125x125.jpg 125w\" sizes=\"(max-width: 1024px) 100vw, 1024px\" \/><\/figure>\n\n\n\n<figure class=\"wp-block-image size-large\"><img loading=\"lazy\" decoding=\"async\" width=\"1024\" height=\"1024\" data-id=\"1326\" src=\"https:\/\/www.motorfix.com.br\/wp-content\/uploads\/2022\/09\/CE7259-4-1024x1024.jpg\" alt=\"\" class=\"wp-image-1326\" srcset=\"https:\/\/www.motorfix.com.br\/wp-content\/uploads\/2022\/09\/CE7259-4-1024x1024.jpg 1024w, https:\/\/www.motorfix.com.br\/wp-content\/uploads\/2022\/09\/CE7259-4-300x300.jpg 300w, https:\/\/www.motorfix.com.br\/wp-content\/uploads\/2022\/09\/CE7259-4-150x150.jpg 150w, https:\/\/www.motorfix.com.br\/wp-content\/uploads\/2022\/09\/CE7259-4-768x768.jpg 768w, https:\/\/www.motorfix.com.br\/wp-content\/uploads\/2022\/09\/CE7259-4.jpg 1080w, https:\/\/www.motorfix.com.br\/wp-content\/uploads\/2022\/09\/CE7259-4-125x125.jpg 125w\" sizes=\"(max-width: 1024px) 100vw, 1024px\" \/><\/figure>\n<\/figure>\n\n\n\n<p><strong>C\u00f3digo original:<\/strong>&nbsp;A0004779915<\/p>\n\n\n\n<p><strong>C\u00f3digo similar:<\/strong>&nbsp;FS20222, FCD0803, PEC9915, RE160J10MAII, E821KPD704, FCBR217S, PU9198<\/p>\n\n\n\n<p><strong>ALGUMAS APLICA\u00c7\u00d5ES:<\/strong><strong>&nbsp;M-BENZ:&nbsp;<\/strong>A0004779915<\/p>\n","protected":false},"excerpt":{"rendered":"<p>C\u00f3digo original:&nbsp;A0004779915 C\u00f3digo similar:&nbsp;FS20222, FCD0803, PEC9915, RE160J10MAII, E821KPD704, FCBR217S, PU9198 ALGUMAS APLICA\u00c7\u00d5ES:&nbsp;M-BENZ:&nbsp;A0004779915<\/p>\n","protected":false},"author":1,"featured_media":1322,"parent":1174,"menu_order":5,"comment_status":"closed","ping_status":"closed","template":"","meta":{"footnotes":""},"_links":{"self":[{"href":"https:\/\/www.motorfix.com.br\/index.php?rest_route=\/wp\/v2\/pages\/1321"}],"collection":[{"href":"https:\/\/www.motorfix.com.br\/index.php?rest_route=\/wp\/v2\/pages"}],"about":[{"href":"https:\/\/www.motorfix.com.br\/index.php?rest_route=\/wp\/v2\/types\/page"}],"author":[{"embeddable":true,"href":"https:\/\/www.motorfix.com.br\/index.php?rest_route=\/wp\/v2\/users\/1"}],"replies":[{"embeddable":true,"href":"https:\/\/www.motorfix.com.br\/index.php?rest_route=%2Fwp%2Fv2%2Fcomments&post=1321"}],"version-history":[{"count":4,"href":"https:\/\/www.motorfix.com.br\/index.php?rest_route=\/wp\/v2\/pages\/1321\/revisions"}],"predecessor-version":[{"id":3820,"href":"https:\/\/www.motorfix.com.br\/index.php?rest_route=\/wp\/v2\/pages\/1321\/revisions\/3820"}],"up":[{"embeddable":true,"href":"https:\/\/www.motorfix.com.br\/index.php?rest_route=\/wp\/v2\/pages\/1174"}],"wp:featuredmedia":[{"embeddable":true,"href":"https:\/\/www.motorfix.com.br\/index.php?rest_route=\/wp\/v2\/media\/1322"}],"wp:attachment":[{"href":"https:\/\/www.motorfix.com.br\/index.php?rest_route=%2Fwp%2Fv2%2Fmedia&parent=1321"}],"curies":[{"name":"wp","href":"https:\/\/api.w.org\/{rel}","templated":true}]}}