{"id":2654,"date":"2023-03-27T17:11:20","date_gmt":"2023-03-27T20:11:20","guid":{"rendered":"https:\/\/www.motorfix.com.br\/?page_id=2654"},"modified":"2023-03-27T17:11:57","modified_gmt":"2023-03-27T20:11:57","slug":"mfc-136","status":"publish","type":"page","link":"https:\/\/www.motorfix.com.br\/?page_id=2654","title":{"rendered":"MFC-136"},"content":{"rendered":"\n<figure class=\"wp-block-gallery has-nested-images columns-default is-cropped wp-block-gallery-1 is-layout-flex wp-block-gallery-is-layout-flex\">\n<figure class=\"wp-block-image size-large\"><img loading=\"lazy\" decoding=\"async\" width=\"1024\" height=\"1024\" data-id=\"2656\" src=\"https:\/\/www.motorfix.com.br\/wp-content\/uploads\/2023\/03\/MFC136-1024x1024.webp\" alt=\"\" class=\"wp-image-2656\" srcset=\"https:\/\/www.motorfix.com.br\/wp-content\/uploads\/2023\/03\/MFC136-1024x1024.webp 1024w, https:\/\/www.motorfix.com.br\/wp-content\/uploads\/2023\/03\/MFC136-300x300.webp 300w, https:\/\/www.motorfix.com.br\/wp-content\/uploads\/2023\/03\/MFC136-150x150.webp 150w, https:\/\/www.motorfix.com.br\/wp-content\/uploads\/2023\/03\/MFC136-768x768.webp 768w, https:\/\/www.motorfix.com.br\/wp-content\/uploads\/2023\/03\/MFC136.webp 1080w, https:\/\/www.motorfix.com.br\/wp-content\/uploads\/2023\/03\/MFC136-125x125.webp 125w\" sizes=\"(max-width: 1024px) 100vw, 1024px\" \/><\/figure>\n\n\n\n<figure class=\"wp-block-image size-large\"><img loading=\"lazy\" decoding=\"async\" width=\"1024\" height=\"1024\" data-id=\"2657\" src=\"https:\/\/www.motorfix.com.br\/wp-content\/uploads\/2023\/03\/MFC136-2-1024x1024.webp\" alt=\"\" class=\"wp-image-2657\" srcset=\"https:\/\/www.motorfix.com.br\/wp-content\/uploads\/2023\/03\/MFC136-2-1024x1024.webp 1024w, https:\/\/www.motorfix.com.br\/wp-content\/uploads\/2023\/03\/MFC136-2-300x300.webp 300w, https:\/\/www.motorfix.com.br\/wp-content\/uploads\/2023\/03\/MFC136-2-150x150.webp 150w, https:\/\/www.motorfix.com.br\/wp-content\/uploads\/2023\/03\/MFC136-2-768x768.webp 768w, https:\/\/www.motorfix.com.br\/wp-content\/uploads\/2023\/03\/MFC136-2.webp 1080w, https:\/\/www.motorfix.com.br\/wp-content\/uploads\/2023\/03\/MFC136-2-125x125.webp 125w\" sizes=\"(max-width: 1024px) 100vw, 1024px\" \/><\/figure>\n<\/figure>\n\n\n\n<p><strong>C\u00e2mbio: <\/strong>MCVA, MRMA, MRVA, SPCA<br><strong>C\u00f3digo original: Honda: <\/strong>25420RPC003, 25430PLR003<br><strong>C\u00f3digo similar: Wega:<\/strong> WFC-920 |<strong> Japanparts: <\/strong>FAT005 | <strong>Tecfil:<\/strong> FCA1580<br><strong>Aplica\u00e7\u00f5es: Honda: <\/strong>Accord \u2013 2.0 \/ 2.4 \/ 3.5, Civic \u2013 1.8 \/ 2.0, CRV \u2013 2.0, Fit \u2013 1.4 \/ 1.5<\/p>\n","protected":false},"excerpt":{"rendered":"<p>C\u00e2mbio: MCVA, MRMA, MRVA, SPCAC\u00f3digo original: Honda: 25420RPC003, 25430PLR003C\u00f3digo similar: Wega: WFC-920 | Japanparts: FAT005 | Tecfil: FCA1580Aplica\u00e7\u00f5es: Honda: Accord \u2013 2.0 \/ 2.4 \/ 3.5, Civic \u2013 1.8 \/ 2.0, CRV \u2013 2.0, Fit \u2013 1.4 \/ 1.5<\/p>\n","protected":false},"author":1,"featured_media":2655,"parent":2354,"menu_order":0,"comment_status":"closed","ping_status":"closed","template":"","meta":{"footnotes":""},"_links":{"self":[{"href":"https:\/\/www.motorfix.com.br\/index.php?rest_route=\/wp\/v2\/pages\/2654"}],"collection":[{"href":"https:\/\/www.motorfix.com.br\/index.php?rest_route=\/wp\/v2\/pages"}],"about":[{"href":"https:\/\/www.motorfix.com.br\/index.php?rest_route=\/wp\/v2\/types\/page"}],"author":[{"embeddable":true,"href":"https:\/\/www.motorfix.com.br\/index.php?rest_route=\/wp\/v2\/users\/1"}],"replies":[{"embeddable":true,"href":"https:\/\/www.motorfix.com.br\/index.php?rest_route=%2Fwp%2Fv2%2Fcomments&post=2654"}],"version-history":[{"count":2,"href":"https:\/\/www.motorfix.com.br\/index.php?rest_route=\/wp\/v2\/pages\/2654\/revisions"}],"predecessor-version":[{"id":2659,"href":"https:\/\/www.motorfix.com.br\/index.php?rest_route=\/wp\/v2\/pages\/2654\/revisions\/2659"}],"up":[{"embeddable":true,"href":"https:\/\/www.motorfix.com.br\/index.php?rest_route=\/wp\/v2\/pages\/2354"}],"wp:featuredmedia":[{"embeddable":true,"href":"https:\/\/www.motorfix.com.br\/index.php?rest_route=\/wp\/v2\/media\/2655"}],"wp:attachment":[{"href":"https:\/\/www.motorfix.com.br\/index.php?rest_route=%2Fwp%2Fv2%2Fmedia&parent=2654"}],"curies":[{"name":"wp","href":"https:\/\/api.w.org\/{rel}","templated":true}]}}