{"id":2660,"date":"2023-03-27T17:13:45","date_gmt":"2023-03-27T20:13:45","guid":{"rendered":"https:\/\/www.motorfix.com.br\/?page_id=2660"},"modified":"2025-08-25T16:38:32","modified_gmt":"2025-08-25T19:38:32","slug":"mfc-129","status":"publish","type":"page","link":"https:\/\/www.motorfix.com.br\/?page_id=2660","title":{"rendered":"MFC-129 | MFC-119"},"content":{"rendered":"\n<p><\/p>\n\n\n\n<figure class=\"wp-block-gallery has-nested-images columns-default is-cropped wp-block-gallery-1 is-layout-flex wp-block-gallery-is-layout-flex\">\n<figure class=\"wp-block-image size-large\"><img loading=\"lazy\" decoding=\"async\" width=\"1024\" height=\"1024\" data-id=\"2663\" src=\"https:\/\/www.motorfix.com.br\/wp-content\/uploads\/2023\/03\/MFC129-1024x1024.webp\" alt=\"\" class=\"wp-image-2663\" srcset=\"https:\/\/www.motorfix.com.br\/wp-content\/uploads\/2023\/03\/MFC129-1024x1024.webp 1024w, https:\/\/www.motorfix.com.br\/wp-content\/uploads\/2023\/03\/MFC129-300x300.webp 300w, https:\/\/www.motorfix.com.br\/wp-content\/uploads\/2023\/03\/MFC129-150x150.webp 150w, https:\/\/www.motorfix.com.br\/wp-content\/uploads\/2023\/03\/MFC129-768x768.webp 768w, https:\/\/www.motorfix.com.br\/wp-content\/uploads\/2023\/03\/MFC129.webp 1080w, https:\/\/www.motorfix.com.br\/wp-content\/uploads\/2023\/03\/MFC129-125x125.webp 125w\" sizes=\"(max-width: 1024px) 100vw, 1024px\" \/><\/figure>\n\n\n\n<figure class=\"wp-block-image size-large\"><img loading=\"lazy\" decoding=\"async\" width=\"1024\" height=\"1024\" data-id=\"2662\" src=\"https:\/\/www.motorfix.com.br\/wp-content\/uploads\/2023\/03\/MFC129-2-1024x1024.webp\" alt=\"\" class=\"wp-image-2662\" srcset=\"https:\/\/www.motorfix.com.br\/wp-content\/uploads\/2023\/03\/MFC129-2-1024x1024.webp 1024w, https:\/\/www.motorfix.com.br\/wp-content\/uploads\/2023\/03\/MFC129-2-300x300.webp 300w, https:\/\/www.motorfix.com.br\/wp-content\/uploads\/2023\/03\/MFC129-2-150x150.webp 150w, https:\/\/www.motorfix.com.br\/wp-content\/uploads\/2023\/03\/MFC129-2-768x768.webp 768w, https:\/\/www.motorfix.com.br\/wp-content\/uploads\/2023\/03\/MFC129-2.webp 1080w, https:\/\/www.motorfix.com.br\/wp-content\/uploads\/2023\/03\/MFC129-2-125x125.webp 125w\" sizes=\"(max-width: 1024px) 100vw, 1024px\" \/><\/figure>\n\n\n\n<figure class=\"wp-block-image size-large\"><img loading=\"lazy\" decoding=\"async\" width=\"1024\" height=\"1024\" data-id=\"2664\" src=\"https:\/\/www.motorfix.com.br\/wp-content\/uploads\/2023\/03\/MFC129-3-1024x1024.webp\" alt=\"\" class=\"wp-image-2664\" srcset=\"https:\/\/www.motorfix.com.br\/wp-content\/uploads\/2023\/03\/MFC129-3-1024x1024.webp 1024w, https:\/\/www.motorfix.com.br\/wp-content\/uploads\/2023\/03\/MFC129-3-300x300.webp 300w, https:\/\/www.motorfix.com.br\/wp-content\/uploads\/2023\/03\/MFC129-3-150x150.webp 150w, https:\/\/www.motorfix.com.br\/wp-content\/uploads\/2023\/03\/MFC129-3-768x768.webp 768w, https:\/\/www.motorfix.com.br\/wp-content\/uploads\/2023\/03\/MFC129-3.webp 1080w, https:\/\/www.motorfix.com.br\/wp-content\/uploads\/2023\/03\/MFC129-3-125x125.webp 125w\" sizes=\"(max-width: 1024px) 100vw, 1024px\" \/><\/figure>\n<\/figure>\n\n\n\n<p><strong>C\u00e2mbio: <\/strong>5HP19, ZF5HP19<br><strong>C\u00f3digo original: Audi: <\/strong>0501004813, 0501209251, 5HP19, ZF5HP19 | <strong>BMW:<\/strong> 5HP19, ZF5HP19 | <strong>Volkswagen:<\/strong> 01V325429, 5HP19, ZF5HP19 | <strong>Jaguar: <\/strong>5HP19, ZF5HP19<br><strong>C\u00f3digo similar: Wega:<\/strong> WFC-903, WFC-503 | <strong>Hengst:<\/strong> E99H, EG99HD509 |<strong> Japanparts: <\/strong>FAT008, FAT100 | <strong>Mann: <\/strong>H2826KIT<br><strong>Aplica\u00e7\u00f5es: Audi: <\/strong>A4 \u2013 1.8 \/ 2.8 \/ 3.0, A6 \u2013 2.8 \/ 3.0, A8 \u2013 3.7 \/ 4.2, S6 \/ RS6 \u2013 4.2 | <strong>BMW: <\/strong>S\u00e9rie 3 \u2013 2.0 \/ 2.2 \/ 2.5 \/ 3.0, S\u00e9rie 5 \u2013 2.5, Z4 \u2013 2.2 \/ 2.5 \/ 3.0 | <strong>Jaguar: <\/strong>S-Type \u2013 2.0 \/ 2.5 | <strong>Volkswagen:<\/strong> Passat \u2013 1.8 \/ 2.8<\/p>\n","protected":false},"excerpt":{"rendered":"<p>C\u00e2mbio: 5HP19, ZF5HP19C\u00f3digo original: Audi: 0501004813, 0501209251, 5HP19, ZF5HP19 | BMW: 5HP19, ZF5HP19 | Volkswagen: 01V325429, 5HP19, ZF5HP19 | Jaguar: 5HP19, ZF5HP19C\u00f3digo similar: Wega: WFC-903, WFC-503 | Hengst: E99H, EG99HD509 | Japanparts: FAT008, FAT100 | Mann: H2826KITAplica\u00e7\u00f5es: Audi: A4 \u2013 1.8 \/ 2.8 \/ 3.0, A6 \u2013 2.8 \/ 3.0, A8 \u2013 3.7 \/ 4.2,&#8230;<\/p>\n","protected":false},"author":1,"featured_media":2661,"parent":2354,"menu_order":0,"comment_status":"closed","ping_status":"closed","template":"","meta":{"footnotes":""},"_links":{"self":[{"href":"https:\/\/www.motorfix.com.br\/index.php?rest_route=\/wp\/v2\/pages\/2660"}],"collection":[{"href":"https:\/\/www.motorfix.com.br\/index.php?rest_route=\/wp\/v2\/pages"}],"about":[{"href":"https:\/\/www.motorfix.com.br\/index.php?rest_route=\/wp\/v2\/types\/page"}],"author":[{"embeddable":true,"href":"https:\/\/www.motorfix.com.br\/index.php?rest_route=\/wp\/v2\/users\/1"}],"replies":[{"embeddable":true,"href":"https:\/\/www.motorfix.com.br\/index.php?rest_route=%2Fwp%2Fv2%2Fcomments&post=2660"}],"version-history":[{"count":3,"href":"https:\/\/www.motorfix.com.br\/index.php?rest_route=\/wp\/v2\/pages\/2660\/revisions"}],"predecessor-version":[{"id":5237,"href":"https:\/\/www.motorfix.com.br\/index.php?rest_route=\/wp\/v2\/pages\/2660\/revisions\/5237"}],"up":[{"embeddable":true,"href":"https:\/\/www.motorfix.com.br\/index.php?rest_route=\/wp\/v2\/pages\/2354"}],"wp:featuredmedia":[{"embeddable":true,"href":"https:\/\/www.motorfix.com.br\/index.php?rest_route=\/wp\/v2\/media\/2661"}],"wp:attachment":[{"href":"https:\/\/www.motorfix.com.br\/index.php?rest_route=%2Fwp%2Fv2%2Fmedia&parent=2660"}],"curies":[{"name":"wp","href":"https:\/\/api.w.org\/{rel}","templated":true}]}}