{"id":2703,"date":"2023-03-27T17:25:24","date_gmt":"2023-03-27T20:25:24","guid":{"rendered":"https:\/\/www.motorfix.com.br\/?page_id=2703"},"modified":"2023-03-27T17:25:25","modified_gmt":"2023-03-27T20:25:25","slug":"mfc-152","status":"publish","type":"page","link":"https:\/\/www.motorfix.com.br\/?page_id=2703","title":{"rendered":"MFC-152"},"content":{"rendered":"\n<figure class=\"wp-block-gallery has-nested-images columns-default is-cropped wp-block-gallery-1 is-layout-flex wp-block-gallery-is-layout-flex\">\n<figure class=\"wp-block-image size-large\"><img loading=\"lazy\" decoding=\"async\" width=\"1024\" height=\"1024\" data-id=\"2707\" src=\"https:\/\/www.motorfix.com.br\/wp-content\/uploads\/2023\/03\/MFC152-2-1024x1024.webp\" alt=\"\" class=\"wp-image-2707\" srcset=\"https:\/\/www.motorfix.com.br\/wp-content\/uploads\/2023\/03\/MFC152-2-1024x1024.webp 1024w, https:\/\/www.motorfix.com.br\/wp-content\/uploads\/2023\/03\/MFC152-2-300x300.webp 300w, https:\/\/www.motorfix.com.br\/wp-content\/uploads\/2023\/03\/MFC152-2-150x150.webp 150w, https:\/\/www.motorfix.com.br\/wp-content\/uploads\/2023\/03\/MFC152-2-768x768.webp 768w, https:\/\/www.motorfix.com.br\/wp-content\/uploads\/2023\/03\/MFC152-2.webp 1080w, https:\/\/www.motorfix.com.br\/wp-content\/uploads\/2023\/03\/MFC152-2-125x125.webp 125w\" sizes=\"(max-width: 1024px) 100vw, 1024px\" \/><\/figure>\n\n\n\n<figure class=\"wp-block-image size-large\"><img loading=\"lazy\" decoding=\"async\" width=\"1024\" height=\"1024\" data-id=\"2706\" src=\"https:\/\/www.motorfix.com.br\/wp-content\/uploads\/2023\/03\/MFC152-3-1024x1024.webp\" alt=\"\" class=\"wp-image-2706\" srcset=\"https:\/\/www.motorfix.com.br\/wp-content\/uploads\/2023\/03\/MFC152-3-1024x1024.webp 1024w, https:\/\/www.motorfix.com.br\/wp-content\/uploads\/2023\/03\/MFC152-3-300x300.webp 300w, https:\/\/www.motorfix.com.br\/wp-content\/uploads\/2023\/03\/MFC152-3-150x150.webp 150w, https:\/\/www.motorfix.com.br\/wp-content\/uploads\/2023\/03\/MFC152-3-768x768.webp 768w, https:\/\/www.motorfix.com.br\/wp-content\/uploads\/2023\/03\/MFC152-3.webp 1080w, https:\/\/www.motorfix.com.br\/wp-content\/uploads\/2023\/03\/MFC152-3-125x125.webp 125w\" sizes=\"(max-width: 1024px) 100vw, 1024px\" \/><\/figure>\n\n\n\n<figure class=\"wp-block-image size-large\"><img loading=\"lazy\" decoding=\"async\" width=\"1024\" height=\"1024\" data-id=\"2705\" src=\"https:\/\/www.motorfix.com.br\/wp-content\/uploads\/2023\/03\/MFC152-1024x1024.webp\" alt=\"\" class=\"wp-image-2705\" srcset=\"https:\/\/www.motorfix.com.br\/wp-content\/uploads\/2023\/03\/MFC152-1024x1024.webp 1024w, https:\/\/www.motorfix.com.br\/wp-content\/uploads\/2023\/03\/MFC152-300x300.webp 300w, https:\/\/www.motorfix.com.br\/wp-content\/uploads\/2023\/03\/MFC152-150x150.webp 150w, https:\/\/www.motorfix.com.br\/wp-content\/uploads\/2023\/03\/MFC152-768x768.webp 768w, https:\/\/www.motorfix.com.br\/wp-content\/uploads\/2023\/03\/MFC152.webp 1080w, https:\/\/www.motorfix.com.br\/wp-content\/uploads\/2023\/03\/MFC152-125x125.webp 125w\" sizes=\"(max-width: 1024px) 100vw, 1024px\" \/><\/figure>\n<\/figure>\n\n\n\n<p><strong>C\u00e2mbio:<\/strong> CVT, JF011E, RE0F10A<br><strong>C\u00f3digo original: Mitsubishi: <\/strong>2824A007, 317281XF02, 317281XZOA, 5191890AA | <strong>Nissan: <\/strong>2824A007, 317281XF02, 317281XZOA, 5191890AA | <strong>Renault:<\/strong> 2824A007, 317281XF02, 317281XZOA, 5191890AA<br><strong>C\u00f3digo similar: Wega:<\/strong> WFC-953 | <strong>Japanparts: <\/strong>FAT034<br><strong>Aplica\u00e7\u00f5es: Mitsubishi: <\/strong>ASX \u2013 2.0 CVT, Lancer GT \u2013 2.0 CVT, Outlander \u2013 2.0 CVT | <strong>Nissan: <\/strong>Sentra \u2013 2.0 CVT | <strong>Renault: <\/strong>Fluence \u2013 2.0 CVT<br>Cano curto.<\/p>\n","protected":false},"excerpt":{"rendered":"<p>C\u00e2mbio: CVT, JF011E, RE0F10AC\u00f3digo original: Mitsubishi: 2824A007, 317281XF02, 317281XZOA, 5191890AA | Nissan: 2824A007, 317281XF02, 317281XZOA, 5191890AA | Renault: 2824A007, 317281XF02, 317281XZOA, 5191890AAC\u00f3digo similar: Wega: WFC-953 | Japanparts: FAT034Aplica\u00e7\u00f5es: Mitsubishi: ASX \u2013 2.0 CVT, Lancer GT \u2013 2.0 CVT, Outlander \u2013 2.0 CVT | Nissan: Sentra \u2013 2.0 CVT | Renault: Fluence \u2013 2.0 CVTCano curto.<\/p>\n","protected":false},"author":1,"featured_media":2704,"parent":2354,"menu_order":0,"comment_status":"closed","ping_status":"closed","template":"","meta":{"footnotes":""},"_links":{"self":[{"href":"https:\/\/www.motorfix.com.br\/index.php?rest_route=\/wp\/v2\/pages\/2703"}],"collection":[{"href":"https:\/\/www.motorfix.com.br\/index.php?rest_route=\/wp\/v2\/pages"}],"about":[{"href":"https:\/\/www.motorfix.com.br\/index.php?rest_route=\/wp\/v2\/types\/page"}],"author":[{"embeddable":true,"href":"https:\/\/www.motorfix.com.br\/index.php?rest_route=\/wp\/v2\/users\/1"}],"replies":[{"embeddable":true,"href":"https:\/\/www.motorfix.com.br\/index.php?rest_route=%2Fwp%2Fv2%2Fcomments&post=2703"}],"version-history":[{"count":1,"href":"https:\/\/www.motorfix.com.br\/index.php?rest_route=\/wp\/v2\/pages\/2703\/revisions"}],"predecessor-version":[{"id":2708,"href":"https:\/\/www.motorfix.com.br\/index.php?rest_route=\/wp\/v2\/pages\/2703\/revisions\/2708"}],"up":[{"embeddable":true,"href":"https:\/\/www.motorfix.com.br\/index.php?rest_route=\/wp\/v2\/pages\/2354"}],"wp:featuredmedia":[{"embeddable":true,"href":"https:\/\/www.motorfix.com.br\/index.php?rest_route=\/wp\/v2\/media\/2704"}],"wp:attachment":[{"href":"https:\/\/www.motorfix.com.br\/index.php?rest_route=%2Fwp%2Fv2%2Fmedia&parent=2703"}],"curies":[{"name":"wp","href":"https:\/\/api.w.org\/{rel}","templated":true}]}}