{"id":2735,"date":"2023-03-27T17:31:23","date_gmt":"2023-03-27T20:31:23","guid":{"rendered":"https:\/\/www.motorfix.com.br\/?page_id=2735"},"modified":"2024-04-12T09:20:57","modified_gmt":"2024-04-12T12:20:57","slug":"mfc-151","status":"publish","type":"page","link":"https:\/\/www.motorfix.com.br\/?page_id=2735","title":{"rendered":"MFC-151"},"content":{"rendered":"\n<figure class=\"wp-block-gallery has-nested-images columns-default is-cropped wp-block-gallery-1 is-layout-flex wp-block-gallery-is-layout-flex\">\n<figure class=\"wp-block-image size-large\"><img loading=\"lazy\" decoding=\"async\" width=\"1024\" height=\"1024\" data-id=\"2737\" src=\"https:\/\/www.motorfix.com.br\/wp-content\/uploads\/2023\/03\/MFC151-1024x1024.webp\" alt=\"\" class=\"wp-image-2737\" srcset=\"https:\/\/www.motorfix.com.br\/wp-content\/uploads\/2023\/03\/MFC151-1024x1024.webp 1024w, https:\/\/www.motorfix.com.br\/wp-content\/uploads\/2023\/03\/MFC151-300x300.webp 300w, https:\/\/www.motorfix.com.br\/wp-content\/uploads\/2023\/03\/MFC151-150x150.webp 150w, https:\/\/www.motorfix.com.br\/wp-content\/uploads\/2023\/03\/MFC151-768x768.webp 768w, https:\/\/www.motorfix.com.br\/wp-content\/uploads\/2023\/03\/MFC151.webp 1080w, https:\/\/www.motorfix.com.br\/wp-content\/uploads\/2023\/03\/MFC151-125x125.webp 125w\" sizes=\"(max-width: 1024px) 100vw, 1024px\" \/><\/figure>\n\n\n\n<figure class=\"wp-block-image size-large\"><img loading=\"lazy\" decoding=\"async\" width=\"1024\" height=\"1024\" data-id=\"2738\" src=\"https:\/\/www.motorfix.com.br\/wp-content\/uploads\/2023\/03\/MFC151-2-1024x1024.webp\" alt=\"\" class=\"wp-image-2738\" srcset=\"https:\/\/www.motorfix.com.br\/wp-content\/uploads\/2023\/03\/MFC151-2-1024x1024.webp 1024w, https:\/\/www.motorfix.com.br\/wp-content\/uploads\/2023\/03\/MFC151-2-300x300.webp 300w, https:\/\/www.motorfix.com.br\/wp-content\/uploads\/2023\/03\/MFC151-2-150x150.webp 150w, https:\/\/www.motorfix.com.br\/wp-content\/uploads\/2023\/03\/MFC151-2-768x768.webp 768w, https:\/\/www.motorfix.com.br\/wp-content\/uploads\/2023\/03\/MFC151-2.webp 1080w, https:\/\/www.motorfix.com.br\/wp-content\/uploads\/2023\/03\/MFC151-2-125x125.webp 125w\" sizes=\"(max-width: 1024px) 100vw, 1024px\" \/><\/figure>\n<\/figure>\n\n\n\n<p><strong>C\u00e2mbio: <\/strong>ZF6HP26<br><strong>C\u00f3digo original: BMW: <\/strong>0501216243B, 24117522923, 24117571227, 24152333903<br><strong>C\u00f3digo similar: Wega:<\/strong> WFC-948 | Mahle: HX152 | Mann: H50002 | Tecfil: FCA1582<br><strong>Aplica\u00e7\u00f5es: Audi: <\/strong>A4, A6, A8 | <strong>BMW:<\/strong> 545i, 550i, 745i \u2013 4.4 V8, S\u00e9rie 3, S\u00e9rie 5, S\u00e9rie 6, S\u00e9rie 7, X3, X5, X6 | <strong>Jaguar: <\/strong>S-Type, XJ | <strong>Kia: <\/strong>Mohave | <strong>Land Rover:<\/strong> Discovery, Range Rover<\/p>\n","protected":false},"excerpt":{"rendered":"<p>C\u00e2mbio: ZF6HP26C\u00f3digo original: BMW: 0501216243B, 24117522923, 24117571227, 24152333903C\u00f3digo similar: Wega: WFC-948 | Mahle: HX152 | Mann: H50002 | Tecfil: FCA1582Aplica\u00e7\u00f5es: Audi: A4, A6, A8 | BMW: 545i, 550i, 745i \u2013 4.4 V8, S\u00e9rie 3, S\u00e9rie 5, S\u00e9rie 6, S\u00e9rie 7, X3, X5, X6 | Jaguar: S-Type, XJ | Kia: Mohave | Land Rover: Discovery, Range&#8230;<\/p>\n","protected":false},"author":1,"featured_media":2736,"parent":2354,"menu_order":0,"comment_status":"closed","ping_status":"closed","template":"","meta":{"footnotes":""},"_links":{"self":[{"href":"https:\/\/www.motorfix.com.br\/index.php?rest_route=\/wp\/v2\/pages\/2735"}],"collection":[{"href":"https:\/\/www.motorfix.com.br\/index.php?rest_route=\/wp\/v2\/pages"}],"about":[{"href":"https:\/\/www.motorfix.com.br\/index.php?rest_route=\/wp\/v2\/types\/page"}],"author":[{"embeddable":true,"href":"https:\/\/www.motorfix.com.br\/index.php?rest_route=\/wp\/v2\/users\/1"}],"replies":[{"embeddable":true,"href":"https:\/\/www.motorfix.com.br\/index.php?rest_route=%2Fwp%2Fv2%2Fcomments&post=2735"}],"version-history":[{"count":2,"href":"https:\/\/www.motorfix.com.br\/index.php?rest_route=\/wp\/v2\/pages\/2735\/revisions"}],"predecessor-version":[{"id":4034,"href":"https:\/\/www.motorfix.com.br\/index.php?rest_route=\/wp\/v2\/pages\/2735\/revisions\/4034"}],"up":[{"embeddable":true,"href":"https:\/\/www.motorfix.com.br\/index.php?rest_route=\/wp\/v2\/pages\/2354"}],"wp:featuredmedia":[{"embeddable":true,"href":"https:\/\/www.motorfix.com.br\/index.php?rest_route=\/wp\/v2\/media\/2736"}],"wp:attachment":[{"href":"https:\/\/www.motorfix.com.br\/index.php?rest_route=%2Fwp%2Fv2%2Fmedia&parent=2735"}],"curies":[{"name":"wp","href":"https:\/\/api.w.org\/{rel}","templated":true}]}}