{"id":2920,"date":"2023-07-12T11:29:06","date_gmt":"2023-07-12T14:29:06","guid":{"rendered":"https:\/\/www.motorfix.com.br\/?page_id=2920"},"modified":"2023-07-12T11:29:06","modified_gmt":"2023-07-12T14:29:06","slug":"acm302","status":"publish","type":"page","link":"https:\/\/www.motorfix.com.br\/?page_id=2920","title":{"rendered":"ACM302"},"content":{"rendered":"\n<figure class=\"wp-block-gallery has-nested-images columns-default is-cropped wp-block-gallery-1 is-layout-flex wp-block-gallery-is-layout-flex\">\n<figure class=\"wp-block-image size-large\"><img loading=\"lazy\" decoding=\"async\" width=\"1024\" height=\"1024\" data-id=\"2922\" src=\"https:\/\/www.motorfix.com.br\/wp-content\/uploads\/2023\/07\/ACM302-1024x1024.webp\" alt=\"\" class=\"wp-image-2922\" srcset=\"https:\/\/www.motorfix.com.br\/wp-content\/uploads\/2023\/07\/ACM302-1024x1024.webp 1024w, https:\/\/www.motorfix.com.br\/wp-content\/uploads\/2023\/07\/ACM302-300x300.webp 300w, https:\/\/www.motorfix.com.br\/wp-content\/uploads\/2023\/07\/ACM302-150x150.webp 150w, https:\/\/www.motorfix.com.br\/wp-content\/uploads\/2023\/07\/ACM302-768x768.webp 768w, https:\/\/www.motorfix.com.br\/wp-content\/uploads\/2023\/07\/ACM302.webp 1080w, https:\/\/www.motorfix.com.br\/wp-content\/uploads\/2023\/07\/ACM302-125x125.webp 125w\" sizes=\"(max-width: 1024px) 100vw, 1024px\" \/><\/figure>\n\n\n\n<figure class=\"wp-block-image size-large\"><img loading=\"lazy\" decoding=\"async\" width=\"1024\" height=\"1024\" data-id=\"2923\" src=\"https:\/\/www.motorfix.com.br\/wp-content\/uploads\/2023\/07\/ACM302-2-1024x1024.webp\" alt=\"\" class=\"wp-image-2923\" srcset=\"https:\/\/www.motorfix.com.br\/wp-content\/uploads\/2023\/07\/ACM302-2-1024x1024.webp 1024w, https:\/\/www.motorfix.com.br\/wp-content\/uploads\/2023\/07\/ACM302-2-300x300.webp 300w, https:\/\/www.motorfix.com.br\/wp-content\/uploads\/2023\/07\/ACM302-2-150x150.webp 150w, https:\/\/www.motorfix.com.br\/wp-content\/uploads\/2023\/07\/ACM302-2-768x768.webp 768w, https:\/\/www.motorfix.com.br\/wp-content\/uploads\/2023\/07\/ACM302-2.webp 1080w, https:\/\/www.motorfix.com.br\/wp-content\/uploads\/2023\/07\/ACM302-2-125x125.webp 125w\" sizes=\"(max-width: 1024px) 100vw, 1024px\" \/><\/figure>\n\n\n\n<figure class=\"wp-block-image size-large\"><img loading=\"lazy\" decoding=\"async\" width=\"1024\" height=\"1024\" data-id=\"2924\" src=\"https:\/\/www.motorfix.com.br\/wp-content\/uploads\/2023\/07\/ACM302-3-1024x1024.webp\" alt=\"\" class=\"wp-image-2924\" srcset=\"https:\/\/www.motorfix.com.br\/wp-content\/uploads\/2023\/07\/ACM302-3-1024x1024.webp 1024w, https:\/\/www.motorfix.com.br\/wp-content\/uploads\/2023\/07\/ACM302-3-300x300.webp 300w, https:\/\/www.motorfix.com.br\/wp-content\/uploads\/2023\/07\/ACM302-3-150x150.webp 150w, https:\/\/www.motorfix.com.br\/wp-content\/uploads\/2023\/07\/ACM302-3-768x768.webp 768w, https:\/\/www.motorfix.com.br\/wp-content\/uploads\/2023\/07\/ACM302-3.webp 1080w, https:\/\/www.motorfix.com.br\/wp-content\/uploads\/2023\/07\/ACM302-3-125x125.webp 125w\" sizes=\"(max-width: 1024px) 100vw, 1024px\" \/><\/figure>\n<\/figure>\n\n\n\n<p><strong>C\u00f3digo original: <\/strong>6QO820367<\/p>\n\n\n\n<p><strong>C\u00f3digo similar:<\/strong> Tecfil: ACP303 | Mann: CF9323 | Mahle: LA120 | Wega: AKX35163 | Filtros Brasil: FB302<\/p>\n\n\n\n<p><strong>Algumas aplica\u00e7\u00f5es:<\/strong> VOLKSWAGEN: Fox\/Scapefox\/Crossfox (04>12)\/ Gol V (08>12)\/ Polo 01>\/ Voyage (08>12) \/ c\/gaveta\/Saveiro GVI (2014>)<\/p>\n","protected":false},"excerpt":{"rendered":"<p>C\u00f3digo original: 6QO820367 C\u00f3digo similar: Tecfil: ACP303 | Mann: CF9323 | Mahle: LA120 | Wega: AKX35163 | Filtros Brasil: FB302 Algumas aplica\u00e7\u00f5es: VOLKSWAGEN: Fox\/Scapefox\/Crossfox (04>12)\/ Gol V (08>12)\/ Polo 01>\/ Voyage (08>12) \/ c\/gaveta\/Saveiro GVI (2014>)<\/p>\n","protected":false},"author":1,"featured_media":2921,"parent":2910,"menu_order":0,"comment_status":"closed","ping_status":"closed","template":"","meta":{"footnotes":""},"_links":{"self":[{"href":"https:\/\/www.motorfix.com.br\/index.php?rest_route=\/wp\/v2\/pages\/2920"}],"collection":[{"href":"https:\/\/www.motorfix.com.br\/index.php?rest_route=\/wp\/v2\/pages"}],"about":[{"href":"https:\/\/www.motorfix.com.br\/index.php?rest_route=\/wp\/v2\/types\/page"}],"author":[{"embeddable":true,"href":"https:\/\/www.motorfix.com.br\/index.php?rest_route=\/wp\/v2\/users\/1"}],"replies":[{"embeddable":true,"href":"https:\/\/www.motorfix.com.br\/index.php?rest_route=%2Fwp%2Fv2%2Fcomments&post=2920"}],"version-history":[{"count":1,"href":"https:\/\/www.motorfix.com.br\/index.php?rest_route=\/wp\/v2\/pages\/2920\/revisions"}],"predecessor-version":[{"id":2925,"href":"https:\/\/www.motorfix.com.br\/index.php?rest_route=\/wp\/v2\/pages\/2920\/revisions\/2925"}],"up":[{"embeddable":true,"href":"https:\/\/www.motorfix.com.br\/index.php?rest_route=\/wp\/v2\/pages\/2910"}],"wp:featuredmedia":[{"embeddable":true,"href":"https:\/\/www.motorfix.com.br\/index.php?rest_route=\/wp\/v2\/media\/2921"}],"wp:attachment":[{"href":"https:\/\/www.motorfix.com.br\/index.php?rest_route=%2Fwp%2Fv2%2Fmedia&parent=2920"}],"curies":[{"name":"wp","href":"https:\/\/api.w.org\/{rel}","templated":true}]}}