{"id":2938,"date":"2023-07-12T11:33:19","date_gmt":"2023-07-12T14:33:19","guid":{"rendered":"https:\/\/www.motorfix.com.br\/?page_id=2938"},"modified":"2023-07-12T11:33:19","modified_gmt":"2023-07-12T14:33:19","slug":"acm1040","status":"publish","type":"page","link":"https:\/\/www.motorfix.com.br\/?page_id=2938","title":{"rendered":"ACM1040"},"content":{"rendered":"\n<figure class=\"wp-block-gallery has-nested-images columns-default is-cropped wp-block-gallery-1 is-layout-flex wp-block-gallery-is-layout-flex\">\n<figure class=\"wp-block-image size-large\"><img loading=\"lazy\" decoding=\"async\" width=\"1024\" height=\"1024\" data-id=\"2940\" src=\"https:\/\/www.motorfix.com.br\/wp-content\/uploads\/2023\/07\/ACM1040-1024x1024.webp\" alt=\"\" class=\"wp-image-2940\" srcset=\"https:\/\/www.motorfix.com.br\/wp-content\/uploads\/2023\/07\/ACM1040-1024x1024.webp 1024w, https:\/\/www.motorfix.com.br\/wp-content\/uploads\/2023\/07\/ACM1040-300x300.webp 300w, https:\/\/www.motorfix.com.br\/wp-content\/uploads\/2023\/07\/ACM1040-150x150.webp 150w, https:\/\/www.motorfix.com.br\/wp-content\/uploads\/2023\/07\/ACM1040-768x768.webp 768w, https:\/\/www.motorfix.com.br\/wp-content\/uploads\/2023\/07\/ACM1040.webp 1080w, https:\/\/www.motorfix.com.br\/wp-content\/uploads\/2023\/07\/ACM1040-125x125.webp 125w\" sizes=\"(max-width: 1024px) 100vw, 1024px\" \/><\/figure>\n\n\n\n<figure class=\"wp-block-image size-large\"><img loading=\"lazy\" decoding=\"async\" width=\"1024\" height=\"1024\" data-id=\"2942\" src=\"https:\/\/www.motorfix.com.br\/wp-content\/uploads\/2023\/07\/ACM1040-2-1024x1024.webp\" alt=\"\" class=\"wp-image-2942\" srcset=\"https:\/\/www.motorfix.com.br\/wp-content\/uploads\/2023\/07\/ACM1040-2-1024x1024.webp 1024w, https:\/\/www.motorfix.com.br\/wp-content\/uploads\/2023\/07\/ACM1040-2-300x300.webp 300w, https:\/\/www.motorfix.com.br\/wp-content\/uploads\/2023\/07\/ACM1040-2-150x150.webp 150w, https:\/\/www.motorfix.com.br\/wp-content\/uploads\/2023\/07\/ACM1040-2-768x768.webp 768w, https:\/\/www.motorfix.com.br\/wp-content\/uploads\/2023\/07\/ACM1040-2.webp 1080w, https:\/\/www.motorfix.com.br\/wp-content\/uploads\/2023\/07\/ACM1040-2-125x125.webp 125w\" sizes=\"(max-width: 1024px) 100vw, 1024px\" \/><\/figure>\n\n\n\n<figure class=\"wp-block-image size-large\"><img loading=\"lazy\" decoding=\"async\" width=\"1024\" height=\"1024\" data-id=\"2941\" src=\"https:\/\/www.motorfix.com.br\/wp-content\/uploads\/2023\/07\/ACM1040-3-1024x1024.webp\" alt=\"\" class=\"wp-image-2941\" srcset=\"https:\/\/www.motorfix.com.br\/wp-content\/uploads\/2023\/07\/ACM1040-3-1024x1024.webp 1024w, https:\/\/www.motorfix.com.br\/wp-content\/uploads\/2023\/07\/ACM1040-3-300x300.webp 300w, https:\/\/www.motorfix.com.br\/wp-content\/uploads\/2023\/07\/ACM1040-3-150x150.webp 150w, https:\/\/www.motorfix.com.br\/wp-content\/uploads\/2023\/07\/ACM1040-3-768x768.webp 768w, https:\/\/www.motorfix.com.br\/wp-content\/uploads\/2023\/07\/ACM1040-3.webp 1080w, https:\/\/www.motorfix.com.br\/wp-content\/uploads\/2023\/07\/ACM1040-3-125x125.webp 125w\" sizes=\"(max-width: 1024px) 100vw, 1024px\" \/><\/figure>\n<\/figure>\n\n\n\n<p><strong>C\u00f3digo original: <\/strong>272773223R<\/p>\n\n\n\n<p><strong>C\u00f3digo similar: <\/strong>Tecfil: ACP554 | Mann: CF11686 | Mahle: LA665 | Wega: AKX1397 | Filtros Brasil: FB1040<\/p>\n\n\n\n<p><strong>Algumas aplica\u00e7\u00f5es:<\/strong> RENAULT: Sandero (10>14) \/ Logan (10>14)\/ Duster (11>14)<\/p>\n","protected":false},"excerpt":{"rendered":"<p>C\u00f3digo original: 272773223R C\u00f3digo similar: Tecfil: ACP554 | Mann: CF11686 | Mahle: LA665 | Wega: AKX1397 | Filtros Brasil: FB1040 Algumas aplica\u00e7\u00f5es: RENAULT: Sandero (10>14) \/ Logan (10>14)\/ Duster (11>14)<\/p>\n","protected":false},"author":1,"featured_media":2939,"parent":2910,"menu_order":0,"comment_status":"closed","ping_status":"closed","template":"","meta":{"footnotes":""},"_links":{"self":[{"href":"https:\/\/www.motorfix.com.br\/index.php?rest_route=\/wp\/v2\/pages\/2938"}],"collection":[{"href":"https:\/\/www.motorfix.com.br\/index.php?rest_route=\/wp\/v2\/pages"}],"about":[{"href":"https:\/\/www.motorfix.com.br\/index.php?rest_route=\/wp\/v2\/types\/page"}],"author":[{"embeddable":true,"href":"https:\/\/www.motorfix.com.br\/index.php?rest_route=\/wp\/v2\/users\/1"}],"replies":[{"embeddable":true,"href":"https:\/\/www.motorfix.com.br\/index.php?rest_route=%2Fwp%2Fv2%2Fcomments&post=2938"}],"version-history":[{"count":1,"href":"https:\/\/www.motorfix.com.br\/index.php?rest_route=\/wp\/v2\/pages\/2938\/revisions"}],"predecessor-version":[{"id":2943,"href":"https:\/\/www.motorfix.com.br\/index.php?rest_route=\/wp\/v2\/pages\/2938\/revisions\/2943"}],"up":[{"embeddable":true,"href":"https:\/\/www.motorfix.com.br\/index.php?rest_route=\/wp\/v2\/pages\/2910"}],"wp:featuredmedia":[{"embeddable":true,"href":"https:\/\/www.motorfix.com.br\/index.php?rest_route=\/wp\/v2\/media\/2939"}],"wp:attachment":[{"href":"https:\/\/www.motorfix.com.br\/index.php?rest_route=%2Fwp%2Fv2%2Fmedia&parent=2938"}],"curies":[{"name":"wp","href":"https:\/\/api.w.org\/{rel}","templated":true}]}}