{"id":4815,"date":"2025-04-03T10:57:11","date_gmt":"2025-04-03T13:57:11","guid":{"rendered":"https:\/\/www.motorfix.com.br\/?page_id=4815"},"modified":"2026-03-13T09:45:57","modified_gmt":"2026-03-13T12:45:57","slug":"motorfix-tractor-fluid-10w-30-semissintetico","status":"publish","type":"page","link":"https:\/\/www.motorfix.com.br\/?page_id=4815","title":{"rendered":"MotorFix Tractor Fluid 10W-30 -SEMISSINT\u00c9TICO"},"content":{"rendered":"\n<figure class=\"wp-block-image size-large\"><img loading=\"lazy\" decoding=\"async\" width=\"816\" height=\"637\" src=\"https:\/\/www.motorfix.com.br\/wp-content\/uploads\/2026\/03\/TRACTOR-FLUID-10W30-20-200-semi-816x637.png\" alt=\"\" class=\"wp-image-5559\" srcset=\"https:\/\/www.motorfix.com.br\/wp-content\/uploads\/2026\/03\/TRACTOR-FLUID-10W30-20-200-semi.png 816w, https:\/\/www.motorfix.com.br\/wp-content\/uploads\/2026\/03\/TRACTOR-FLUID-10W30-20-200-semi-300x234.png 300w, https:\/\/www.motorfix.com.br\/wp-content\/uploads\/2026\/03\/TRACTOR-FLUID-10W30-20-200-semi-768x600.png 768w\" sizes=\"(max-width: 816px) 100vw, 816px\" \/><\/figure>\n\n\n\n<p><strong>MOTORFIX TRACTOR FLUID<\/strong> \u00e9 um \u00f3leo lubrificante semissint\u00e9tico multiviscoso para caixas, sistemas hidr\u00e1ulicos, transmiss\u00f5es e freio \u00famido de tratores.<br><strong>MOTORFIX TRACTOR FLUID<\/strong> \u00e9 um \u00f3leo formulado com base mineral e base sint\u00e9tica; composto de pacotes de aditivos com caracter\u00edsticas antiferrugem, detergente-dispersante, antidesgaste, anticorrosivo, antioxidante, melhorador de fluidez e viscosidade. Elevada prote\u00e7\u00e3o ao desgaste e controle da oxida\u00e7\u00e3o, al\u00e9m das reservas para maiores per\u00edodos de troca.<br><strong>MOTORFIX TRACTOR FLUID<\/strong> atende \u00e0s especifica\u00e7\u00f5es API GL-4, JOHN DEERE J20B e J20C, AGCO MF M-1143 e M-1145, ALISSON C4, CATERPILLAR TO-2, CNH MAT 3510\/3525\/3540, FNHA-2-C-201 e ESN M2C-79A, KOMATSU DRESSER B06.002.<\/p>\n\n\n\n<p>Dispon\u00edvel nos tamanhos: 20L, 200L.<\/p>\n","protected":false},"excerpt":{"rendered":"<p>MOTORFIX TRACTOR FLUID \u00e9 um \u00f3leo lubrificante semissint\u00e9tico multiviscoso para caixas, sistemas hidr\u00e1ulicos, transmiss\u00f5es e freio \u00famido de tratores.MOTORFIX TRACTOR FLUID \u00e9 um \u00f3leo formulado com base mineral e base sint\u00e9tica; composto de pacotes de aditivos com caracter\u00edsticas antiferrugem, detergente-dispersante, antidesgaste, anticorrosivo, antioxidante, melhorador de fluidez e viscosidade. Elevada prote\u00e7\u00e3o ao desgaste e controle da&#8230;<\/p>\n","protected":false},"author":1,"featured_media":4817,"parent":191,"menu_order":0,"comment_status":"closed","ping_status":"closed","template":"","meta":{"footnotes":""},"_links":{"self":[{"href":"https:\/\/www.motorfix.com.br\/index.php?rest_route=\/wp\/v2\/pages\/4815"}],"collection":[{"href":"https:\/\/www.motorfix.com.br\/index.php?rest_route=\/wp\/v2\/pages"}],"about":[{"href":"https:\/\/www.motorfix.com.br\/index.php?rest_route=\/wp\/v2\/types\/page"}],"author":[{"embeddable":true,"href":"https:\/\/www.motorfix.com.br\/index.php?rest_route=\/wp\/v2\/users\/1"}],"replies":[{"embeddable":true,"href":"https:\/\/www.motorfix.com.br\/index.php?rest_route=%2Fwp%2Fv2%2Fcomments&post=4815"}],"version-history":[{"count":4,"href":"https:\/\/www.motorfix.com.br\/index.php?rest_route=\/wp\/v2\/pages\/4815\/revisions"}],"predecessor-version":[{"id":5560,"href":"https:\/\/www.motorfix.com.br\/index.php?rest_route=\/wp\/v2\/pages\/4815\/revisions\/5560"}],"up":[{"embeddable":true,"href":"https:\/\/www.motorfix.com.br\/index.php?rest_route=\/wp\/v2\/pages\/191"}],"wp:featuredmedia":[{"embeddable":true,"href":"https:\/\/www.motorfix.com.br\/index.php?rest_route=\/wp\/v2\/media\/4817"}],"wp:attachment":[{"href":"https:\/\/www.motorfix.com.br\/index.php?rest_route=%2Fwp%2Fv2%2Fmedia&parent=4815"}],"curies":[{"name":"wp","href":"https:\/\/api.w.org\/{rel}","templated":true}]}}