{"id":695,"date":"2022-04-02T10:56:03","date_gmt":"2022-04-02T13:56:03","guid":{"rendered":"https:\/\/www.motorfix.com.br\/?page_id=695"},"modified":"2026-03-13T08:48:06","modified_gmt":"2026-03-13T11:48:06","slug":"motor-gear-90-gl-5","status":"publish","type":"page","link":"https:\/\/www.motorfix.com.br\/?page_id=695","title":{"rendered":"Motor Gear 90 GL-5"},"content":{"rendered":"\n<figure class=\"wp-block-image size-large\"><img loading=\"lazy\" decoding=\"async\" width=\"874\" height=\"528\" src=\"https:\/\/www.motorfix.com.br\/wp-content\/uploads\/2026\/03\/MOTOR-GEAR-90-GL-5-1-4-20-60-200-874x528.png\" alt=\"\" class=\"wp-image-5546\" srcset=\"https:\/\/www.motorfix.com.br\/wp-content\/uploads\/2026\/03\/MOTOR-GEAR-90-GL-5-1-4-20-60-200.png 874w, https:\/\/www.motorfix.com.br\/wp-content\/uploads\/2026\/03\/MOTOR-GEAR-90-GL-5-1-4-20-60-200-300x181.png 300w, https:\/\/www.motorfix.com.br\/wp-content\/uploads\/2026\/03\/MOTOR-GEAR-90-GL-5-1-4-20-60-200-768x464.png 768w\" sizes=\"(max-width: 874px) 100vw, 874px\" \/><\/figure>\n\n\n\n<p><strong>MOTORFIX MOTOR GEAR<\/strong> \u00e9 um \u00f3leo lubrificante mineral para caixas de transmiss\u00e3o e diferencial<br>tipo hipoidal, para ve\u00edculos de passeio, \u00f4nibus , caminh\u00f5es e m\u00e1quinas agr\u00edcolas.<br><\/p>\n\n\n\n<p><strong>MOTORFIX MOTOR GEAR<\/strong> \u00e9 composto por uma mistura de hidrocarbonetos com predomin\u00e2ncia de<br>paraf\u00ednicos; composto de pacotes de aditivos com caracter\u00edsticas antiferrugem, detergentedispersante, antiespumante, antidesgaste, anticorrosivo, antioxidante e melhorador de viscosidade.<br>Oferece prote\u00e7\u00e3o eficaz contra a degrada\u00e7\u00e3o da oxida\u00e7\u00e3o e ferrugem e corros\u00e3o.<br><\/p>\n\n\n\n<p><strong>MOTORFIX MOTOR GEAR<\/strong> atende especifica\u00e7\u00f5es SAE 90 API GL-5<\/p>\n\n\n\n<p>Dispon\u00edvel nos tamanhos: 1L, 4L, 20L, 60L, 200L.<\/p>\n","protected":false},"excerpt":{"rendered":"<p>MOTORFIX MOTOR GEAR \u00e9 um \u00f3leo lubrificante mineral para caixas de transmiss\u00e3o e diferencialtipo hipoidal, para ve\u00edculos de passeio, \u00f4nibus , caminh\u00f5es e m\u00e1quinas agr\u00edcolas. MOTORFIX MOTOR GEAR \u00e9 composto por uma mistura de hidrocarbonetos com predomin\u00e2ncia deparaf\u00ednicos; composto de pacotes de aditivos com caracter\u00edsticas antiferrugem, detergentedispersante, antiespumante, antidesgaste, anticorrosivo, antioxidante e melhorador de viscosidade.Oferece&#8230;<\/p>\n","protected":false},"author":1,"featured_media":263,"parent":197,"menu_order":5,"comment_status":"closed","ping_status":"closed","template":"","meta":{"footnotes":""},"_links":{"self":[{"href":"https:\/\/www.motorfix.com.br\/index.php?rest_route=\/wp\/v2\/pages\/695"}],"collection":[{"href":"https:\/\/www.motorfix.com.br\/index.php?rest_route=\/wp\/v2\/pages"}],"about":[{"href":"https:\/\/www.motorfix.com.br\/index.php?rest_route=\/wp\/v2\/types\/page"}],"author":[{"embeddable":true,"href":"https:\/\/www.motorfix.com.br\/index.php?rest_route=\/wp\/v2\/users\/1"}],"replies":[{"embeddable":true,"href":"https:\/\/www.motorfix.com.br\/index.php?rest_route=%2Fwp%2Fv2%2Fcomments&post=695"}],"version-history":[{"count":8,"href":"https:\/\/www.motorfix.com.br\/index.php?rest_route=\/wp\/v2\/pages\/695\/revisions"}],"predecessor-version":[{"id":5547,"href":"https:\/\/www.motorfix.com.br\/index.php?rest_route=\/wp\/v2\/pages\/695\/revisions\/5547"}],"up":[{"embeddable":true,"href":"https:\/\/www.motorfix.com.br\/index.php?rest_route=\/wp\/v2\/pages\/197"}],"wp:featuredmedia":[{"embeddable":true,"href":"https:\/\/www.motorfix.com.br\/index.php?rest_route=\/wp\/v2\/media\/263"}],"wp:attachment":[{"href":"https:\/\/www.motorfix.com.br\/index.php?rest_route=%2Fwp%2Fv2%2Fmedia&parent=695"}],"curies":[{"name":"wp","href":"https:\/\/api.w.org\/{rel}","templated":true}]}}