{"id":832,"date":"2022-04-02T11:58:06","date_gmt":"2022-04-02T14:58:06","guid":{"rendered":"https:\/\/www.motorfix.com.br\/?page_id=832"},"modified":"2026-03-13T09:46:19","modified_gmt":"2026-03-13T12:46:19","slug":"tractor-fluid-10w-30","status":"publish","type":"page","link":"https:\/\/www.motorfix.com.br\/?page_id=832","title":{"rendered":"Tractor Fluid 10W-30"},"content":{"rendered":"\n<figure class=\"wp-block-image size-large\"><img loading=\"lazy\" decoding=\"async\" width=\"1024\" height=\"629\" src=\"https:\/\/www.motorfix.com.br\/wp-content\/uploads\/2026\/03\/TRACTOR-FLUID-10W-30-4-20-60-200-mineral-1024x629.png\" alt=\"\" class=\"wp-image-5561\" srcset=\"https:\/\/www.motorfix.com.br\/wp-content\/uploads\/2026\/03\/TRACTOR-FLUID-10W-30-4-20-60-200-mineral-1024x629.png 1024w, https:\/\/www.motorfix.com.br\/wp-content\/uploads\/2026\/03\/TRACTOR-FLUID-10W-30-4-20-60-200-mineral-300x184.png 300w, https:\/\/www.motorfix.com.br\/wp-content\/uploads\/2026\/03\/TRACTOR-FLUID-10W-30-4-20-60-200-mineral-768x472.png 768w, https:\/\/www.motorfix.com.br\/wp-content\/uploads\/2026\/03\/TRACTOR-FLUID-10W-30-4-20-60-200-mineral.png 1029w\" sizes=\"(max-width: 1024px) 100vw, 1024px\" \/><\/figure>\n\n\n\n<p><strong>MOTORFIX TRACTOR FLUID<\/strong> \u00e9 um \u00f3leo lubrificante mineral multiviscoso para caixas, sistemas<br>hidr\u00e1ulicos, transmiss\u00f5es e freio \u00famido de tratores.<br><\/p>\n\n\n\n<p><strong>MOTORFIX TRACTOR FLUID<\/strong> \u00e9 um \u00f3leo lubrificante composto por uma mistura de hidrocarbonetos<br>com predomin\u00e2ncia de paraf\u00ednicos; composto de pacotes de aditivos com caracter\u00edsticas<br>antiferrugem, detergente-dispersante, antiespumante, antidesgaste, anticorrosivo, antioxidante e<br>melhorador de fluidez.<br><\/p>\n\n\n\n<p><strong>MOTORFIX TRACTOR FLUID<\/strong> atende especifica\u00e7\u00f5es SAE 10W30; Volvo VCE WB-101; Allison C4; API<br>GL-4; Case MS-1210, John Deere J20C e J20D, Massey Ferguson M-1135, M-1143 e M-1145, New<br>Holland ESN-M2C-134D, FNHA-2-C-201.00 e ESN-M2C-86B e ZF TE-ML-03E\/ 05F\/ 06F\/ 06E\/ 06K\/<br>17E\/ 21F.<\/p>\n\n\n\n<p>Dispon\u00edvel nos tamanhos: 4L, 20L, 60L, 200L.<\/p>\n","protected":false},"excerpt":{"rendered":"<p>MOTORFIX TRACTOR FLUID \u00e9 um \u00f3leo lubrificante mineral multiviscoso para caixas, sistemashidr\u00e1ulicos, transmiss\u00f5es e freio \u00famido de tratores. MOTORFIX TRACTOR FLUID \u00e9 um \u00f3leo lubrificante composto por uma mistura de hidrocarbonetoscom predomin\u00e2ncia de paraf\u00ednicos; composto de pacotes de aditivos com caracter\u00edsticasantiferrugem, detergente-dispersante, antiespumante, antidesgaste, anticorrosivo, antioxidante emelhorador de fluidez. MOTORFIX TRACTOR FLUID atende especifica\u00e7\u00f5es SAE&#8230;<\/p>\n","protected":false},"author":1,"featured_media":322,"parent":191,"menu_order":1,"comment_status":"closed","ping_status":"closed","template":"","meta":{"footnotes":""},"_links":{"self":[{"href":"https:\/\/www.motorfix.com.br\/index.php?rest_route=\/wp\/v2\/pages\/832"}],"collection":[{"href":"https:\/\/www.motorfix.com.br\/index.php?rest_route=\/wp\/v2\/pages"}],"about":[{"href":"https:\/\/www.motorfix.com.br\/index.php?rest_route=\/wp\/v2\/types\/page"}],"author":[{"embeddable":true,"href":"https:\/\/www.motorfix.com.br\/index.php?rest_route=\/wp\/v2\/users\/1"}],"replies":[{"embeddable":true,"href":"https:\/\/www.motorfix.com.br\/index.php?rest_route=%2Fwp%2Fv2%2Fcomments&post=832"}],"version-history":[{"count":9,"href":"https:\/\/www.motorfix.com.br\/index.php?rest_route=\/wp\/v2\/pages\/832\/revisions"}],"predecessor-version":[{"id":5562,"href":"https:\/\/www.motorfix.com.br\/index.php?rest_route=\/wp\/v2\/pages\/832\/revisions\/5562"}],"up":[{"embeddable":true,"href":"https:\/\/www.motorfix.com.br\/index.php?rest_route=\/wp\/v2\/pages\/191"}],"wp:featuredmedia":[{"embeddable":true,"href":"https:\/\/www.motorfix.com.br\/index.php?rest_route=\/wp\/v2\/media\/322"}],"wp:attachment":[{"href":"https:\/\/www.motorfix.com.br\/index.php?rest_route=%2Fwp%2Fv2%2Fmedia&parent=832"}],"curies":[{"name":"wp","href":"https:\/\/api.w.org\/{rel}","templated":true}]}}