{"id":868,"date":"2022-04-04T08:08:42","date_gmt":"2022-04-04T11:08:42","guid":{"rendered":"https:\/\/www.motorfix.com.br\/?page_id=868"},"modified":"2026-03-13T09:48:53","modified_gmt":"2026-03-13T12:48:53","slug":"atf-tipo-iii","status":"publish","type":"page","link":"https:\/\/www.motorfix.com.br\/?page_id=868","title":{"rendered":"ATF Tipo III"},"content":{"rendered":"\n<figure class=\"wp-block-image size-large\"><img loading=\"lazy\" decoding=\"async\" width=\"1024\" height=\"629\" src=\"https:\/\/www.motorfix.com.br\/wp-content\/uploads\/2026\/03\/ATF-TIPO-III-500ml-1-4-20-60-200-1024x629.png\" alt=\"\" class=\"wp-image-5570\" srcset=\"https:\/\/www.motorfix.com.br\/wp-content\/uploads\/2026\/03\/ATF-TIPO-III-500ml-1-4-20-60-200-1024x629.png 1024w, https:\/\/www.motorfix.com.br\/wp-content\/uploads\/2026\/03\/ATF-TIPO-III-500ml-1-4-20-60-200-300x184.png 300w, https:\/\/www.motorfix.com.br\/wp-content\/uploads\/2026\/03\/ATF-TIPO-III-500ml-1-4-20-60-200-768x472.png 768w, https:\/\/www.motorfix.com.br\/wp-content\/uploads\/2026\/03\/ATF-TIPO-III-500ml-1-4-20-60-200.png 1029w\" sizes=\"(max-width: 1024px) 100vw, 1024px\" \/><\/figure>\n\n\n\n<p><strong>MOTORFIX ATF TIPO III <\/strong>\u00e9 um \u00f3leo mineral para transmiss\u00f5es automotivas, mec\u00e2nicas e sistemas<br>hidr\u00e1ulicos.<br><\/p>\n\n\n\n<p><strong>MOTORFIX ATF TIPO III<\/strong> \u00e9 produzido com \u00f3leos altamente refinados e adicionados aditivos<br>extrema press\u00e3o, antiespumante, anticorrosivo, antioxidante, antidesgaste, abaixador de fluidez,<br>melhorador do \u00edndice de viscosidade e corante vermelho.<br><\/p>\n\n\n\n<p><strong>MOTORFIX ATF TIPO III<\/strong> Atende as normas exigidas para a especifica\u00e7\u00e3o ATF \u2013 DEXRON IIIG,<br>DEXRON IIIH e ALLISON C4<\/p>\n\n\n\n<p>Dispon\u00edvel nos tamanhos: 500ml, 1L, 4L, 20L, 60L, 200L.<\/p>\n","protected":false},"excerpt":{"rendered":"<p>MOTORFIX ATF TIPO III \u00e9 um \u00f3leo mineral para transmiss\u00f5es automotivas, mec\u00e2nicas e sistemashidr\u00e1ulicos. MOTORFIX ATF TIPO III \u00e9 produzido com \u00f3leos altamente refinados e adicionados aditivosextrema press\u00e3o, antiespumante, anticorrosivo, antioxidante, antidesgaste, abaixador de fluidez,melhorador do \u00edndice de viscosidade e corante vermelho. MOTORFIX ATF TIPO III Atende as normas exigidas para a especifica\u00e7\u00e3o ATF \u2013&#8230;<\/p>\n","protected":false},"author":1,"featured_media":872,"parent":193,"menu_order":3,"comment_status":"closed","ping_status":"closed","template":"","meta":{"footnotes":""},"_links":{"self":[{"href":"https:\/\/www.motorfix.com.br\/index.php?rest_route=\/wp\/v2\/pages\/868"}],"collection":[{"href":"https:\/\/www.motorfix.com.br\/index.php?rest_route=\/wp\/v2\/pages"}],"about":[{"href":"https:\/\/www.motorfix.com.br\/index.php?rest_route=\/wp\/v2\/types\/page"}],"author":[{"embeddable":true,"href":"https:\/\/www.motorfix.com.br\/index.php?rest_route=\/wp\/v2\/users\/1"}],"replies":[{"embeddable":true,"href":"https:\/\/www.motorfix.com.br\/index.php?rest_route=%2Fwp%2Fv2%2Fcomments&post=868"}],"version-history":[{"count":10,"href":"https:\/\/www.motorfix.com.br\/index.php?rest_route=\/wp\/v2\/pages\/868\/revisions"}],"predecessor-version":[{"id":5571,"href":"https:\/\/www.motorfix.com.br\/index.php?rest_route=\/wp\/v2\/pages\/868\/revisions\/5571"}],"up":[{"embeddable":true,"href":"https:\/\/www.motorfix.com.br\/index.php?rest_route=\/wp\/v2\/pages\/193"}],"wp:featuredmedia":[{"embeddable":true,"href":"https:\/\/www.motorfix.com.br\/index.php?rest_route=\/wp\/v2\/media\/872"}],"wp:attachment":[{"href":"https:\/\/www.motorfix.com.br\/index.php?rest_route=%2Fwp%2Fv2%2Fmedia&parent=868"}],"curies":[{"name":"wp","href":"https:\/\/api.w.org\/{rel}","templated":true}]}}